[INFO] cloning repository https://github.com/LeKillbit/ElfParser
[INFO] running `Command { std: "git" "-c" "credential.helper=" "-c" "credential.helper=/workspace/cargo-home/bin/git-credential-null" "clone" "--bare" "https://github.com/LeKillbit/ElfParser" "/workspace/cache/git-repos/https%3A%2F%2Fgithub.com%2FLeKillbit%2FElfParser", kill_on_drop: false }`
[INFO] [stderr] Cloning into bare repository '/workspace/cache/git-repos/https%3A%2F%2Fgithub.com%2FLeKillbit%2FElfParser'...
[INFO] running `Command { std: "git" "rev-parse" "HEAD", kill_on_drop: false }`
[INFO] [stdout] 2b2588194f386e0d0392bf2600a44cefa0e9743f
[INFO] checking LeKillbit/ElfParser against master#e6e4f7ed1589e03bc2f6c5931c1a72e7947e8682 for beta-170-4
[INFO] running `Command { std: "git" "clone" "/workspace/cache/git-repos/https%3A%2F%2Fgithub.com%2FLeKillbit%2FElfParser" "/workspace/builds/worker-3-tc2/source", kill_on_drop: false }`
[INFO] [stderr] Cloning into '/workspace/builds/worker-3-tc2/source'...
[INFO] [stderr] done.
[INFO] validating manifest of git repo https://github.com/LeKillbit/ElfParser on toolchain e6e4f7ed1589e03bc2f6c5931c1a72e7947e8682
[INFO] running `Command { std: CARGO_HOME="/workspace/cargo-home" RUSTUP_HOME="/workspace/rustup-home" "/workspace/cargo-home/bin/cargo" "+e6e4f7ed1589e03bc2f6c5931c1a72e7947e8682" "metadata" "--manifest-path" "Cargo.toml" "--no-deps", kill_on_drop: false }`
[INFO] started tweaking git repo https://github.com/LeKillbit/ElfParser
[INFO] finished tweaking git repo https://github.com/LeKillbit/ElfParser
[INFO] tweaked toml for git repo https://github.com/LeKillbit/ElfParser written to /workspace/builds/worker-3-tc2/source/Cargo.toml
[INFO] crate git repo https://github.com/LeKillbit/ElfParser already has a lockfile, it will not be regenerated
[INFO] running `Command { std: CARGO_HOME="/workspace/cargo-home" RUSTUP_HOME="/workspace/rustup-home" "/workspace/cargo-home/bin/cargo" "+e6e4f7ed1589e03bc2f6c5931c1a72e7947e8682" "fetch" "--manifest-path" "Cargo.toml", kill_on_drop: false }`
[INFO] running `Command { std: "docker" "create" "-v" "/var/lib/crater-agent-workspace/builds/worker-3-tc2/target:/opt/rustwide/target:rw,Z" "-v" "/var/lib/crater-agent-workspace/builds/worker-3-tc2/source:/opt/rustwide/workdir:ro,Z" "-v" "/var/lib/crater-agent-workspace/cargo-home:/opt/rustwide/cargo-home:ro,Z" "-v" "/var/lib/crater-agent-workspace/rustup-home:/opt/rustwide/rustup-home:ro,Z" "-e" "SOURCE_DIR=/opt/rustwide/workdir" "-e" "CARGO_TARGET_DIR=/opt/rustwide/target" "-e" "CARGO_HOME=/opt/rustwide/cargo-home" "-e" "RUSTUP_HOME=/opt/rustwide/rustup-home" "-w" "/opt/rustwide/workdir" "-m" "1610612736" "--user" "0:0" "--network" "none" "ghcr.io/rust-lang/crates-build-env/linux@sha256:19e73879b68f455e41552ea35293514db52ea292d993f571636dbffedb77a1ee" "/opt/rustwide/cargo-home/bin/cargo" "+e6e4f7ed1589e03bc2f6c5931c1a72e7947e8682" "metadata" "--no-deps" "--format-version=1", kill_on_drop: false }`
[INFO] [stdout] 30c3f2c3c62f65a8bf143d00b5ebd1cedc4739a8149af3a327c007ea9ca94377
[INFO] running `Command { std: "docker" "start" "-a" "30c3f2c3c62f65a8bf143d00b5ebd1cedc4739a8149af3a327c007ea9ca94377", kill_on_drop: false }`
[INFO] running `Command { std: "docker" "inspect" "30c3f2c3c62f65a8bf143d00b5ebd1cedc4739a8149af3a327c007ea9ca94377", kill_on_drop: false }`
[INFO] running `Command { std: "docker" "rm" "-f" "30c3f2c3c62f65a8bf143d00b5ebd1cedc4739a8149af3a327c007ea9ca94377", kill_on_drop: false }`
[INFO] [stdout] 30c3f2c3c62f65a8bf143d00b5ebd1cedc4739a8149af3a327c007ea9ca94377
[INFO] running `Command { std: "docker" "create" "-v" "/var/lib/crater-agent-workspace/builds/worker-3-tc2/target:/opt/rustwide/target:rw,Z" "-v" "/var/lib/crater-agent-workspace/builds/worker-3-tc2/source:/opt/rustwide/workdir:ro,Z" "-v" "/var/lib/crater-agent-workspace/cargo-home:/opt/rustwide/cargo-home:ro,Z" "-v" "/var/lib/crater-agent-workspace/rustup-home:/opt/rustwide/rustup-home:ro,Z" "-e" "SOURCE_DIR=/opt/rustwide/workdir" "-e" "CARGO_TARGET_DIR=/opt/rustwide/target" "-e" "CARGO_INCREMENTAL=0" "-e" "RUST_BACKTRACE=full" "-e" "RUSTFLAGS=--cap-lints=forbid" "-e" "RUSTDOCFLAGS=--cap-lints=forbid" "-e" "CARGO_HOME=/opt/rustwide/cargo-home" "-e" "RUSTUP_HOME=/opt/rustwide/rustup-home" "-w" "/opt/rustwide/workdir" "-m" "1610612736" "--user" "0:0" "--network" "none" "ghcr.io/rust-lang/crates-build-env/linux@sha256:19e73879b68f455e41552ea35293514db52ea292d993f571636dbffedb77a1ee" "/opt/rustwide/cargo-home/bin/cargo" "+e6e4f7ed1589e03bc2f6c5931c1a72e7947e8682" "check" "--frozen" "--all" "--all-targets" "--message-format=json", kill_on_drop: false }`
[INFO] [stdout] ddbaa53f0f3d934c6a3c89e1e8bcf1da0e43a3744d0cfdb4ef2a66e16686851d
[INFO] running `Command { std: "docker" "start" "-a" "ddbaa53f0f3d934c6a3c89e1e8bcf1da0e43a3744d0cfdb4ef2a66e16686851d", kill_on_drop: false }`
[INFO] [stderr]    Compiling proc-macro2 v1.0.24
[INFO] [stderr]    Compiling num-traits v0.2.14
[INFO] [stderr]    Compiling syn v1.0.52
[INFO] [stderr]     Checking file-utils v0.1.5
[INFO] [stderr]    Compiling quote v1.0.7
[INFO] [stderr]    Compiling enum-primitive-derive v0.2.1
[INFO] [stderr]     Checking elf_parser v0.1.0 (/opt/rustwide/workdir)
[INFO] [stdout] error[E0463]: can't find crate for `colored`
[INFO] [stdout]  --> src/main.rs:3:1
[INFO] [stdout]   |
[INFO] [stdout] 3 | extern crate colored;
[INFO] [stdout]   | ^^^^^^^^^^^^^^^^^^^^^ can't find crate
[INFO] [stdout] 
[INFO] [stdout] 
[INFO] [stdout] error[E0463]: can't find crate for `colored`
[INFO] [stdout]  --> src/main.rs:3:1
[INFO] [stdout]   |
[INFO] [stdout] 3 | extern crate colored;
[INFO] [stdout]   | ^^^^^^^^^^^^^^^^^^^^^ can't find crate
[INFO] [stdout] 
[INFO] [stdout] 
[INFO] [stdout] error[E0599]: no method named `green` found for struct `String` in the current scope
[INFO] [stdout]   --> src/elf.rs:46:45
[INFO] [stdout]    |
[INFO] [stdout] 46 |             true => self.canary.to_string().green(),
[INFO] [stdout]    |                                             ^^^^^ method not found in `String`
[INFO] [stdout] 
[INFO] [stdout] 
[INFO] [stdout] error[E0599]: no method named `green` found for struct `String` in the current scope
[INFO] [stdout]   --> src/elf.rs:46:45
[INFO] [stdout]    |
[INFO] [stdout] 46 |             true => self.canary.to_string().green(),
[INFO] [stdout]    |                                             ^^^^^ method not found in `String`
[INFO] [stdout] 
[INFO] [stdout] 
[INFO] [stdout] error[E0599]: no method named `red` found for struct `String` in the current scope
[INFO] [stdout]   --> src/elf.rs:47:46
[INFO] [stdout]    |
[INFO] [stdout] 47 |             false => self.canary.to_string().red(),
[INFO] [stdout]    |                                              ^^^ method not found in `String`
[INFO] [stdout] 
[INFO] [stdout] 
[INFO] [stdout] error[E0599]: no method named `red` found for struct `String` in the current scope
[INFO] [stdout]   --> src/elf.rs:47:46
[INFO] [stdout]    |
[INFO] [stdout] 47 |             false => self.canary.to_string().red(),
[INFO] [stdout]    |                                              ^^^ method not found in `String`
[INFO] [stdout] 
[INFO] [stdout] 
[INFO] [stdout] error[E0599]: no method named `green` found for struct `String` in the current scope
[INFO] [stdout]   --> src/elf.rs:50:41
[INFO] [stdout]    |
[INFO] [stdout] 50 |             true => self.nx.to_string().green(),
[INFO] [stdout]    |                                         ^^^^^ method not found in `String`
[INFO] [stdout] 
[INFO] [stdout] 
[INFO] [stdout] error[E0599]: no method named `green` found for struct `String` in the current scope
[INFO] [stdout]   --> src/elf.rs:50:41
[INFO] [stdout]    |
[INFO] [stdout] 50 |             true => self.nx.to_string().green(),
[INFO] [stdout]    |                                         ^^^^^ method not found in `String`
[INFO] [stdout] 
[INFO] [stdout] 
[INFO] [stdout] error[E0599]: no method named `red` found for struct `String` in the current scope
[INFO] [stdout]   --> src/elf.rs:51:42
[INFO] [stdout]    |
[INFO] [stdout] 51 |             false => self.nx.to_string().red(),
[INFO] [stdout]    |                                          ^^^ method not found in `String`
[INFO] [stdout] 
[INFO] [stdout] 
[INFO] [stdout] error[E0599]: no method named `red` found for struct `String` in the current scope
[INFO] [stdout]   --> src/elf.rs:51:42
[INFO] [stdout]    |
[INFO] [stdout] 51 |             false => self.nx.to_string().red(),
[INFO] [stdout]    |                                          ^^^ method not found in `String`
[INFO] [stdout] 
[INFO] [stdout] 
[INFO] [stdout] error[E0599]: no method named `red` found for struct `String` in the current scope
[INFO] [stdout]   --> src/elf.rs:54:54
[INFO] [stdout]    |
[INFO] [stdout] 54 |             RelRo::NoRelRo => self.relro.to_string().red(),
[INFO] [stdout]    |                                                      ^^^ method not found in `String`
[INFO] [stdout] 
[INFO] [stdout] 
[INFO] [stdout] error[E0599]: no method named `red` found for struct `String` in the current scope
[INFO] [stdout]   --> src/elf.rs:54:54
[INFO] [stdout]    |
[INFO] [stdout] 54 |             RelRo::NoRelRo => self.relro.to_string().red(),
[INFO] [stdout]    |                                                      ^^^ method not found in `String`
[INFO] [stdout] 
[INFO] [stdout] 
[INFO] [stdout] error[E0599]: no method named `yellow` found for struct `String` in the current scope
[INFO] [stdout]   --> src/elf.rs:55:59
[INFO] [stdout]    |
[INFO] [stdout] 55 |             RelRo::PartialRelRo => self.relro.to_string().yellow(),
[INFO] [stdout]    |                                                           ^^^^^^ method not found in `String`
[INFO] [stdout] 
[INFO] [stdout] 
[INFO] [stdout] error[E0599]: no method named `yellow` found for struct `String` in the current scope
[INFO] [stdout]   --> src/elf.rs:55:59
[INFO] [stdout]    |
[INFO] [stdout] 55 |             RelRo::PartialRelRo => self.relro.to_string().yellow(),
[INFO] [stdout]    |                                                           ^^^^^^ method not found in `String`
[INFO] [stdout] 
[INFO] [stdout] 
[INFO] [stdout] error[E0599]: no method named `green` found for struct `String` in the current scope
[INFO] [stdout]   --> src/elf.rs:56:56
[INFO] [stdout]    |
[INFO] [stdout] 56 |             RelRo::FullRelRo => self.relro.to_string().green(),
[INFO] [stdout]    |                                                        ^^^^^ method not found in `String`
[INFO] [stdout] 
[INFO] [stdout] 
[INFO] [stdout] error[E0599]: no method named `green` found for struct `String` in the current scope
[INFO] [stdout]   --> src/elf.rs:56:56
[INFO] [stdout]    |
[INFO] [stdout] 56 |             RelRo::FullRelRo => self.relro.to_string().green(),
[INFO] [stdout]    |                                                        ^^^^^ method not found in `String`
[INFO] [stdout] 
[INFO] [stdout] 
[INFO] [stdout] error[E0599]: no method named `green` found for struct `String` in the current scope
[INFO] [stdout]   --> src/elf.rs:59:42
[INFO] [stdout]    |
[INFO] [stdout] 59 |             true => self.pie.to_string().green(),
[INFO] [stdout]    |                                          ^^^^^ method not found in `String`
[INFO] [stdout] 
[INFO] [stdout] 
[INFO] [stdout] error[E0599]: no method named `green` found for struct `String` in the current scope
[INFO] [stdout]   --> src/elf.rs:59:42
[INFO] [stdout]    |
[INFO] [stdout] 59 |             true => self.pie.to_string().green(),
[INFO] [stdout]    |                                          ^^^^^ method not found in `String`
[INFO] [stdout] 
[INFO] [stdout] 
[INFO] [stdout] error[E0599]: no method named `red` found for struct `String` in the current scope
[INFO] [stdout]   --> src/elf.rs:60:43
[INFO] [stdout]    |
[INFO] [stdout] 60 |             false => self.pie.to_string().red(),
[INFO] [stdout]    |                                           ^^^ method not found in `String`
[INFO] [stdout] 
[INFO] [stdout] 
[INFO] [stdout] error[E0599]: no method named `red` found for struct `String` in the current scope
[INFO] [stdout]   --> src/elf.rs:60:43
[INFO] [stdout]    |
[INFO] [stdout] 60 |             false => self.pie.to_string().red(),
[INFO] [stdout]    |                                           ^^^ method not found in `String`
[INFO] [stdout] 
[INFO] [stdout] 
[INFO] [stdout] error: aborting due to 10 previous errors
[INFO] [stdout] 
[INFO] [stdout] 
[INFO] [stdout] Some errors have detailed explanations: E0463, E0599.
[INFO] [stdout] 
[INFO] [stdout] For more information about an error, try `rustc --explain E0463`.
[INFO] [stdout] 
[INFO] [stdout] error: aborting due to 10 previous errors
[INFO] [stdout] 
[INFO] [stdout] 
[INFO] [stdout] Some errors have detailed explanations: E0463, E0599.
[INFO] [stdout] 
[INFO] [stdout] For more information about an error, try `rustc --explain E0463`.
[INFO] [stdout] 
[INFO] [stderr] error: could not compile `elf_parser` (bin "elf_parser") due to 11 previous errors
[INFO] [stderr] warning: build failed, waiting for other jobs to finish...
[INFO] [stderr] error: could not compile `elf_parser` (bin "elf_parser" test) due to 11 previous errors
[INFO] running `Command { std: "docker" "inspect" "ddbaa53f0f3d934c6a3c89e1e8bcf1da0e43a3744d0cfdb4ef2a66e16686851d", kill_on_drop: false }`
[INFO] running `Command { std: "docker" "rm" "-f" "ddbaa53f0f3d934c6a3c89e1e8bcf1da0e43a3744d0cfdb4ef2a66e16686851d", kill_on_drop: false }`
[INFO] [stdout] ddbaa53f0f3d934c6a3c89e1e8bcf1da0e43a3744d0cfdb4ef2a66e16686851d
